062 is divided by 331?
69
What is the remainder when 270 is divided by 63?
18
What is the remainder when 2410 is divided by 35?
30
What is the remainder when 172 is divided by 6?
4
Calculate the remainder when 2439 is divided by 37.
34
Calculate the remainder when 741 is divided by 183.
9
Calculate the remainder when 1243 is divided by 205.
13
What is the remainder when 1276 is divided by 319?
0
Calculate the remainder when 895 is divided by 13.
11
Calculate the remainder when 457 is divided by 180.
97
What is the remainder when 200 is divided by 4?
0
What is the remainder when 565 is divided by 63?
61
What is the remainder when 286 is divided by 43?
28
What is the remainder when 1153 is divided by 35?
33
Calculate the remainder when 354 is divided by 7.
4
Calculate the remainder when 27 is divided by 5.
2
What is the remainder when 79 is divided by 14?
9
Calculate the remainder when 340 is divided by 162.
16
Calculate the remainder when 407 is divided by 52.
43
What is the remainder when 248 is divided by 42?
38
Calculate the remainder when 1273 is divided by 116.
113
What is the remainder when 2197 is divided by 10?
7
Calculate the remainder when 2374 is divided by 590.
14
Calculate the remainder when 295 is divided by 34.
23
What is the remainder when 15598 is divided by 10?
8
Calculate the remainder when 416 is divided by 16.
0
Calculate the remainder when 669 is divided by 86.
67
What is the remainder when 145 is divided by 3?
1
What is the remainder when 6 is divided by 4?
2
What is the remainder when 2244 is divided by 150?
144
What is the remainder when 107 is divided by 53?
1
Calculate the remainder when 19895 is divided by 24.
23
Calculate the remainder when 2239 is divided by 83.
81
What is the remainder when 274 is divided by 150?
124
What is the remainder when 1229 is divided by 22?
19
Calculate the remainder when 7952 is divided by 9.
5
What is the remainder when 319 is divided by 14?
11
Calculate the remainder when 6359 is divided by 101.
97
Calculate the remainder when 2472 is divided by 311.
295
What is the remainder when 234 is divided by 123?
111
What is the remainder when 670 is divided by 32?
30
What is the remainder when 51 is divided by 2?
1
Calculate the remainder when 1188 is divided by 149.
145
Calculate the remainder when 190 is divided by 104.
86
Calculate the remainder when 2847 is divided by 21.
12
Calculate the remainder when 172 is divided by 170.
2
What is the remainder when 211 is divided by 76?
59
Calculate the remainder when 169 is divided by 4.
1
Calculate the remainder when 1226 is divided by 188.
98
Calculate the remainder when 312 is divided by 103.
3
What is the remainder when 2087 is divided by 38?
35
Calculate the remainder when 256 is divided by 66.
58
What is the remainder when 3204 is divided by 134?
122
What is the remainder when 9390 is divided by 268?
10
Calculate the remainder when 1254 is divided by 34.
30
Calculate the remainder when 454 is divided by 17.
12
Calculate the remainder when 250 is divided by 42.
40
Calculate the remainder when 561 is divided by 44.
33
Calculate the remainder when 105 is divided by 18.
15
Calculate the remainder when 102 is divided by 81.
21
Calculate the remainder when 144 is divided by 78.
66
What is the remainder when 35 is divided by 8?
3
What is the remainder when 646 is divided by 74?
54
What is the remainder when 2971 is divided by 5?
1
Calculate the remainder when 4 is divided by 3.
1
What is the remainder when 48 is divided by 17?
14
What is the remainder when 5360 is divided by 173?
170
Calculate the remainder when 93 is divided by 31.
0
What is the remainder when 2137 is divided by 47?
22
Calculate the remainder when 12523 is divided by 31.
30
Calculate the remainder when 328 is divided by 60.
28
Calculate the remainder when 369 is divided by 53.
51
Calculate the remainder when 67 is divided by 10.
7
Calculate the remainder when 1108 is divided by 17.
3
What is the remainder when 25 is divided by 3?
1
What is the remainder when 747 is divided by 195?
162
What is the remainder when 1062 is divided by 349?
15
Calculate the remainder when 421 is divided by 9.
7
Calculate the remainder when 5247 is divided by 82.
81
Calculate the remainder when 1496 is divided by 15.
11
Calculate the remainder when 5562 is divided by 253.
249
What is the remainder when 26 is divided by 1?
0
Calculate the remainder when 465 is divided by 87.
30
Calculate the remainder when 11 is divided by 11.
0
Calculate the remainder when 2463 is divided by 14.
13
Calculate the remainder when 4892 is divided by 79.
73
Calculate the remainder when 4972 is divided by 1655.
7
Calculate the remainder when 183 is divided by 38.
31
Calculate the remainder when 328 is divided by 9.
4
Calculate the remainder when 6975 is divided by 39.
33
What is the remainder when 17246 is divided by 23?
19
Calculate the remainder when 625 is divided by 158.
151
What is the remainder when 1233 is divided by 4?
1
Calculate the remainder when 2133 is divided by 30.
3
Calculate the remainder when 253 is divided by 75.
28
What is the remainder when 122 is divided by 43?
36
What is the remainder when 1179 is divided by 148?
143
What is the remainder when 21 is divided by 12?
9
Calculate the remainder when 965 is divided by 6.
5
Calculate the remainder when 576 is divided by 98.
86
Calculate the remainder when 3504 is divided by 1160.
24
Calculate the remainder when 441 is divided by 87.
6
What is the remainder when 54 is divided by 50?
4
What is the remainder when 150 is divided by 74?
2
Calculate the remainder when 220 is divided by 113.
107
Calculate the remainder when 1698 is divided by 1689.
9
Calculate the remainder when 358 is divided by 113.
19
Calculate the remainder when 1654 is divided by 23.
21
Calculate the remainder when 277 is divided by 97.
83
Calculate the remainder when 270 is divided by 23.
17
What is the remainder when 54 is divided by 10?
4
Calculate the remainder when 358 is divided by 114.
16
What is the remainder when 531 is divided by 24?
3
What is the remainder when 11 is divided by 6?
5
Calculate the remainder when 94 is divided by 24.
22
Calculate the remainder when 238 is divided by 49.
42
What is the remainder when 124 is divided by 26?
20
Calculate the remainder when 1234 is divided by 21.
16
Calculate the remainder when 142 is divided by 88.
54
What is the remainder when 471 is divided by 86?
41
What is the remainder when 621 is divided by 124?
1
Calculate the remainder when 2286 is divided by 381.
0
What is the remainder when 5517 is divided by 120?
117
What is the remainder when 1723 is divided by 15?
13
What is the remainder when 157 is divided by 135?
22
Calculate the remainder when 140 is divided by 11.
8
Calculate the remainder when 274 is divided by 259.
15
What is the remainder when 3100 is divided by 29?
26
Calculate the remainder when 6788 is divided by 27.
11
What is the remainder when 2027 is divided by 675?
2
Calculate the remainder when 3925 is divided by 4.
1
Calculate the remainder when 101 is divided by 16.
5
What is the remainder when 43 is divided by 14?
1
What is the remainder when 211 is divided by 158?
53
What is the remainder when 439 is divided by 54?
7
What is the remainder when 439 is divided by 115?
94
Calculate the remainder when 77 is divided by 50.
27
What is the remainder when 4532 is divided by 227?
219
Calculate the remainder when 121 is divided by 31.
28
Calculate the remainder when 533 is divided by 12.
5
What is the remainder when 510 is divided by 5?
0
Calculate the remainder when 88 is divided by 52.
36
Calculate the remainder when 1021 is divided by 31.
29
What is the remainder when 30 is divided by 16?
14
Calculate the remainder when 8123 is divided by 325.
323
Calculate the remainder when 173 is divided by 88.
85
Calculate the remainder when 195 is divided by 27.
6
What is the remainder when 86 is divided by 10?
6
Calculate the remainder when 192 is divided by 163.
29
What is the remainder when 1581 is divided by 88?
85
Calculate the remainder when 167 is divided by 86.
81
Calculate the remainder when 1513 is divided by 37.
33
Calculate the remainder when 602 is divided by 154.
140
What is the remainder when 55 is divided by 34?
21
What is th